{"id":175,"date":"2024-05-15T16:24:51","date_gmt":"2024-05-15T16:24:51","guid":{"rendered":"https:\/\/www.elmiradordelhayedo.com\/inicio\/?page_id=175"},"modified":"2024-05-15T19:22:56","modified_gmt":"2024-05-15T19:22:56","slug":"como-llegar","status":"publish","type":"page","link":"https:\/\/www.elmiradordelhayedo.com\/inicio\/como-llegar\/","title":{"rendered":"C\u00f3mo Llegar"},"content":{"rendered":"\t\t<div data-elementor-type=\"wp-page\" data-elementor-id=\"175\" class=\"elementor elementor-175\">\n\t\t\t\t\t\t\t\t\t<section class=\"elementor-section elementor-top-section elementor-element elementor-element-21cbee19 elementor-section-boxed elementor-section-height-default elementor-section-height-default\" data-id=\"21cbee19\" data-element_type=\"section\">\n\t\t\t\t\t\t<div class=\"elementor-container elementor-column-gap-default\">\n\t\t\t\t\t<div class=\"elementor-column elementor-col-100 elementor-top-column elementor-element elementor-element-2c581991\" data-id=\"2c581991\" data-element_type=\"column\">\n\t\t\t<div class=\"elementor-widget-wrap elementor-element-populated\">\n\t\t\t\t\t\t\t\t<div class=\"elementor-element elementor-element-240b308d elementor-widget elementor-widget-heading\" data-id=\"240b308d\" data-element_type=\"widget\" data-widget_type=\"heading.default\">\n\t\t\t\t<div class=\"elementor-widget-container\">\n\t\t\t<style>\/*! elementor - v3.13.2 - 11-05-2023 *\/\n.elementor-heading-title{padding:0;margin:0;line-height:1}.elementor-widget-heading .elementor-heading-title[class*=elementor-size-]>a{color:inherit;font-size:inherit;line-height:inherit}.elementor-widget-heading .elementor-heading-title.elementor-size-small{font-size:15px}.elementor-widget-heading .elementor-heading-title.elementor-size-medium{font-size:19px}.elementor-widget-heading .elementor-heading-title.elementor-size-large{font-size:29px}.elementor-widget-heading .elementor-heading-title.elementor-size-xl{font-size:39px}.elementor-widget-heading .elementor-heading-title.elementor-size-xxl{font-size:59px}<\/style><h1 class=\"elementor-heading-title elementor-size-default\">\u00bfC\u00f3mo llegar?<\/h1>\t\t<\/div>\n\t\t\t\t<\/div>\n\t\t\t\t\t<\/div>\n\t\t<\/div>\n\t\t\t\t\t\t\t<\/div>\n\t\t<\/section>\n\t\t\t\t<section class=\"elementor-section elementor-top-section elementor-element elementor-element-189ce838 elementor-section-boxed elementor-section-height-default elementor-section-height-default\" data-id=\"189ce838\" data-element_type=\"section\">\n\t\t\t\t\t\t<div class=\"elementor-container elementor-column-gap-default\">\n\t\t\t\t\t<div class=\"elementor-column elementor-col-100 elementor-top-column elementor-element elementor-element-7c388d16\" data-id=\"7c388d16\" data-element_type=\"column\">\n\t\t\t<div class=\"elementor-widget-wrap elementor-element-populated\">\n\t\t\t\t\t\t\t\t<div class=\"elementor-element elementor-element-25844ff7 elementor-widget elementor-widget-text-editor\" data-id=\"25844ff7\" data-element_type=\"widget\" data-widget_type=\"text-editor.default\">\n\t\t\t\t<div class=\"elementor-widget-container\">\n\t\t\t<style>\/*! elementor - v3.13.2 - 11-05-2023 *\/\n.elementor-widget-text-editor.elementor-drop-cap-view-stacked .elementor-drop-cap{background-color:#69727d;color:#fff}.elementor-widget-text-editor.elementor-drop-cap-view-framed .elementor-drop-cap{color:#69727d;border:3px solid;background-color:transparent}.elementor-widget-text-editor:not(.elementor-drop-cap-view-default) .elementor-drop-cap{margin-top:8px}.elementor-widget-text-editor:not(.elementor-drop-cap-view-default) .elementor-drop-cap-letter{width:1em;height:1em}.elementor-widget-text-editor .elementor-drop-cap{float:left;text-align:center;line-height:1;font-size:50px}.elementor-widget-text-editor .elementor-drop-cap-letter{display:inline-block}<\/style>\t\t\t\t<p>Nuestra direcci\u00f3n: <span style=\"color: #ff9900;\">C\/ Cuatro Calles, 10, Riofrio de Riaza (Segovia)<\/span><\/p><p>A Riofr\u00edo de Riaza se accede desde la N-1 \u00f3 desde la N-110, cogiendo en \u00faltimo lugar la SG-112<\/p><p><span style=\"color: #993366;\"><b>Desde Madrid<\/b><\/span>, por la N-1, salida 103, donde cogemos la N-110 direcci\u00f3n Soria, en Riaza nos desviamos por la SG-112 hasta Riofr\u00edo de Riaza.<\/p><p><span style=\"color: #993366;\"><b>Desde Segovia<\/b><\/span>,<b>\u00a0<\/b>por la N-110 direcci\u00f3n Soria hasta Riaza, en Riaza cogemos la SG-112 hasta Riofr\u00edo de Riaza.<\/p><p><span style=\"color: #993366;\"><b>Desde Burgos<\/b><\/span>, por la N-1 hasta la salida de Riaza \u2013 Soria, en Castillejo de Mesleon, donde cogemos la SG-911 hasta Riaza, despu\u00e9s la SG-112 hasta Riofr\u00edo de Riaza.<\/p><p>Coordenadas GPS:<br \/>Latitud: 41\u00ba 14\u2032 48\u2033 N,\u00a0Longitud: 3\u00ba 26\u2032 59\u2033 W<\/p>\t\t\t\t\t\t<\/div>\n\t\t\t\t<\/div>\n\t\t\t\t\t<\/div>\n\t\t<\/div>\n\t\t\t\t\t\t\t<\/div>\n\t\t<\/section>\n\t\t\t\t<section class=\"elementor-section elementor-top-section elementor-element elementor-element-56f95774 elementor-section-boxed elementor-section-height-default elementor-section-height-default\" data-id=\"56f95774\" data-element_type=\"section\">\n\t\t\t\t\t\t<div class=\"elementor-container elementor-column-gap-default\">\n\t\t\t\t\t<div class=\"elementor-column elementor-col-100 elementor-top-column elementor-element elementor-element-1441a714\" data-id=\"1441a714\" data-element_type=\"column\">\n\t\t\t<div class=\"elementor-widget-wrap elementor-element-populated\">\n\t\t\t\t\t\t\t\t<div class=\"elementor-element elementor-element-5cce3a62 elementor-widget elementor-widget-google_maps\" data-id=\"5cce3a62\" data-element_type=\"widget\" data-widget_type=\"google_maps.default\">\n\t\t\t\t<div class=\"elementor-widget-container\">\n\t\t\t<style>\/*! elementor - v3.13.2 - 11-05-2023 *\/\n.elementor-widget-google_maps .elementor-widget-container{overflow:hidden}.elementor-widget-google_maps .elementor-custom-embed{line-height:0}.elementor-widget-google_maps iframe{height:300px}<\/style>\t\t<div class=\"elementor-custom-embed\">\n\t\t\t<iframe loading=\"lazy\"\n\t\t\t\t\tsrc=\"https:\/\/maps.google.com\/maps?q=Riofrio%20de%20Riaza%2C%20Segovia&#038;t=m&#038;z=12&#038;output=embed&#038;iwloc=near\"\n\t\t\t\t\ttitle=\"Riofrio de Riaza, Segovia\"\n\t\t\t\t\taria-label=\"Riofrio de Riaza, Segovia\"\n\t\t\t><\/iframe>\n\t\t<\/div>\n\t\t\t\t<\/div>\n\t\t\t\t<\/div>\n\t\t\t\t\t<\/div>\n\t\t<\/div>\n\t\t\t\t\t\t\t<\/div>\n\t\t<\/section>\n\t\t\t\t<section class=\"elementor-section elementor-top-section elementor-element elementor-element-70091594 elementor-section-boxed elementor-section-height-default elementor-section-height-default\" data-id=\"70091594\" data-element_type=\"section\">\n\t\t\t\t\t\t<div class=\"elementor-container elementor-column-gap-default\">\n\t\t\t\t\t<div class=\"elementor-column elementor-col-100 elementor-top-column elementor-element elementor-element-400b38ad\" data-id=\"400b38ad\" data-element_type=\"column\">\n\t\t\t<div class=\"elementor-widget-wrap elementor-element-populated\">\n\t\t\t\t\t\t\t\t<section class=\"elementor-section elementor-inner-section elementor-element elementor-element-68cb039b elementor-section-boxed elementor-section-height-default elementor-section-height-default\" data-id=\"68cb039b\" data-element_type=\"section\">\n\t\t\t\t\t\t<div class=\"elementor-container elementor-column-gap-default\">\n\t\t\t\t\t<div class=\"elementor-column elementor-col-50 elementor-inner-column elementor-element elementor-element-17fc8cd6\" data-id=\"17fc8cd6\" data-element_type=\"column\">\n\t\t\t<div class=\"elementor-widget-wrap elementor-element-populated\">\n\t\t\t\t\t\t\t\t<div class=\"elementor-element elementor-element-7b9181cc elementor-widget elementor-widget-heading\" data-id=\"7b9181cc\" data-element_type=\"widget\" data-widget_type=\"heading.default\">\n\t\t\t\t<div class=\"elementor-widget-container\">\n\t\t\t<h2 class=\"elementor-heading-title elementor-size-default\">Riofr\u00edo de Riaza<\/h2>\t\t<\/div>\n\t\t\t\t<\/div>\n\t\t\t\t<div class=\"elementor-element elementor-element-4a993a40 elementor-widget elementor-widget-text-editor\" data-id=\"4a993a40\" data-element_type=\"widget\" data-widget_type=\"text-editor.default\">\n\t\t\t\t<div class=\"elementor-widget-container\">\n\t\t\t\t\t\t\t<p>El bello paisaje de la \u201c<strong>Sierra de Ayll\u00f3n<\/strong>\u201d abraza a este pueblecito segoviano situado a una altitud de 1312m, se trata del pueblo m\u00e1s alto de la provincia de <strong>Segovia<\/strong>.<\/p><p>A tan solo una hora de Madrid nos encontramos con un pueblo de monta\u00f1a en toda su plenitud, a 6km de <b>Riaza<\/b>, rodeado de puertos de monta\u00f1a como el <b>Puerto de la Quesera<\/b>\u00a0(1710m), de altos picos como el <strong>Pico del Lobo<\/strong>\u00a0(2272m), junto a la estaci\u00f3n de invierno de <strong>La Pinilla<\/strong>\u00a0(10km), y el <strong>Hayedo de la Pedrosa<\/strong>\u00a0(6km), uno de los hayedos m\u00e1s meridionales que existen en el mundo y que crece m\u00e1s al sur de toda Europa, incluido en la <b>Red de Espacios Naturales de Castilla y Le\u00f3n<\/b>.<\/p><p>Riofr\u00edo ha sido siempre un pueblo dedicado a la ganader\u00eda y a la agricultura, base del sustento de las familias que en \u00e9l han habitado, pero adem\u00e1s tambi\u00e9n fue un pueblo artesano, a\u00fan recordamos como\u00a0<\/p>\t\t\t\t\t\t<\/div>\n\t\t\t\t<\/div>\n\t\t\t\t\t<\/div>\n\t\t<\/div>\n\t\t\t\t<div class=\"elementor-column elementor-col-50 elementor-inner-column elementor-element elementor-element-4489682c\" data-id=\"4489682c\" data-element_type=\"column\">\n\t\t\t<div class=\"elementor-widget-wrap elementor-element-populated\">\n\t\t\t\t\t\t\t\t<div class=\"elementor-element elementor-element-d970d7 elementor-widget elementor-widget-text-editor\" data-id=\"d970d7\" data-element_type=\"widget\" data-widget_type=\"text-editor.default\">\n\t\t\t\t<div class=\"elementor-widget-container\">\n\t\t\t\t\t\t\t<p>muchos de los abuelos que aqu\u00ed viv\u00edan sal\u00edan pronto en las ma\u00f1anitas de verano a recoger \u201czaldes\u201d para confeccionar alguna cesta o canasto, cestas que despu\u00e9s utilizar\u00edan para transportar las patatas que, en octubre, recoger\u00edan de sus tierras, la c\u00e9lebre&nbsp;<strong>PATATA RIOFRIANA<\/strong>.<\/p>\n<p>Dice la historia que a mediados de siglo XVIII un franc\u00e9s llamado, Pierre Delon, que ven\u00eda huyendo de la Revoluci\u00f3n Francesa, llego a esta entra\u00f1able tierra y se estableci\u00f3 en Riofr\u00edo en 1786 trayendo consigo la simiente de aqu\u00e9l tub\u00e9rculo y una m\u00e1quina-herramienta muy peculiar que fue utilizada por los Riofrianos durante d\u00e9cadas, <b>EL TORNO<\/b>. La industria del torneado de madera se hizo eco en este peque\u00f1o pueblo llegando a existir m\u00e1s de 40 tornos trabajando la madera de haya y roble.<\/p>\t\t\t\t\t\t<\/div>\n\t\t\t\t<\/div>\n\t\t\t\t\t<\/div>\n\t\t<\/div>\n\t\t\t\t\t\t\t<\/div>\n\t\t<\/section>\n\t\t\t\t\t<\/div>\n\t\t<\/div>\n\t\t\t\t\t\t\t<\/div>\n\t\t<\/section>\n\t\t\t\t<section class=\"elementor-section elementor-top-section elementor-element elementor-element-2398c4ad elementor-section-boxed elementor-section-height-default elementor-section-height-default\" data-id=\"2398c4ad\" data-element_type=\"section\">\n\t\t\t\t\t\t<div class=\"elementor-container elementor-column-gap-default\">\n\t\t\t\t\t<div class=\"elementor-column elementor-col-25 elementor-top-column elementor-element elementor-element-30a14058\" data-id=\"30a14058\" data-element_type=\"column\">\n\t\t\t<div class=\"elementor-widget-wrap\">\n\t\t\t\t\t\t\t\t\t<\/div>\n\t\t<\/div>\n\t\t\t\t<div class=\"elementor-column elementor-col-50 elementor-top-column elementor-element elementor-element-54bea451\" data-id=\"54bea451\" data-element_type=\"column\">\n\t\t\t<div class=\"elementor-widget-wrap elementor-element-populated\">\n\t\t\t\t\t\t\t\t<div class=\"elementor-element elementor-element-40d944ed elementor-widget elementor-widget-theme-post-featured-image elementor-widget-image\" data-id=\"40d944ed\" data-element_type=\"widget\" data-widget_type=\"theme-post-featured-image.default\">\n\t\t\t\t<div class=\"elementor-widget-container\">\n\t\t\t<style>\/*! elementor - v3.13.2 - 11-05-2023 *\/\n.elementor-widget-image{text-align:center}.elementor-widget-image a{display:inline-block}.elementor-widget-image a img[src$=\".svg\"]{width:48px}.elementor-widget-image img{vertical-align:middle;display:inline-block}<\/style>\t\t\t\t\t\t\t\t\t<figure class=\"wp-caption\">\n\t\t\t\t\t\t\t\t\t\t<img loading=\"lazy\" decoding=\"async\" width=\"800\" height=\"534\" src=\"https:\/\/www.elmiradordelhayedo.com\/inicio\/wp-content\/uploads\/2022\/07\/Hoces_del_duraton.jpg\" class=\"attachment-large size-large wp-image-1054\" alt=\"\" srcset=\"https:\/\/www.elmiradordelhayedo.com\/inicio\/wp-content\/uploads\/2022\/07\/Hoces_del_duraton.jpg 800w, https:\/\/www.elmiradordelhayedo.com\/inicio\/wp-content\/uploads\/2022\/07\/Hoces_del_duraton-300x200.jpg 300w, https:\/\/www.elmiradordelhayedo.com\/inicio\/wp-content\/uploads\/2022\/07\/Hoces_del_duraton-768x513.jpg 768w\" sizes=\"auto, (max-width: 800px) 100vw, 800px\" \/>\t\t\t\t\t\t\t\t\t\t\t<figcaption class=\"widget-image-caption wp-caption-text\">Parque natural de Las Hoces del Durat\u00f3n. <br>Fotograf\u00eda con licencia gratuita de <a href=\"https:\/\/sp.depositphotos.com\/stock-photos\/holidays-events.html\"> - sp.depositphotos.com<\/a><\/figcaption>\n\t\t\t\t\t\t\t\t\t\t<\/figure>\n\t\t\t\t\t\t\t\t\t<\/div>\n\t\t\t\t<\/div>\n\t\t\t\t\t<\/div>\n\t\t<\/div>\n\t\t\t\t<div class=\"elementor-column elementor-col-25 elementor-top-column elementor-element elementor-element-6ad27d55\" data-id=\"6ad27d55\" data-element_type=\"column\">\n\t\t\t<div class=\"elementor-widget-wrap\">\n\t\t\t\t\t\t\t\t\t<\/div>\n\t\t<\/div>\n\t\t\t\t\t\t\t<\/div>\n\t\t<\/section>\n\t\t\t\t\t\t\t<\/div>\n\t\t","protected":false},"excerpt":{"rendered":"<p>\u00bfC\u00f3mo llegar? Nuestra direcci\u00f3n: C\/ Cuatro Calles, 10, Riofrio de Riaza (Segovia) A Riofr\u00edo de Riaza se accede desde la N-1 \u00f3 desde la N-110, cogiendo en \u00faltimo lugar la SG-112 Desde Madrid, por la N-1, salida 103, donde cogemos la N-110 direcci\u00f3n Soria, en Riaza nos desviamos por la SG-112 hasta Riofr\u00edo de Riaza. [&hellip;]<\/p>\n","protected":false},"author":1,"featured_media":0,"parent":0,"menu_order":1,"comment_status":"closed","ping_status":"closed","template":"","meta":{"footnotes":""},"class_list":["post-175","page","type-page","status-publish","hentry"],"yoast_head":"<!-- This site is optimized with the Yoast SEO plugin v22.5 - https:\/\/yoast.com\/wordpress\/plugins\/seo\/ -->\n<title>C\u00f3mo Llegar - El Mirador del Hayedo - Casa Rural<\/title>\n<meta name=\"robots\" content=\"index, follow, max-snippet:-1, max-image-preview:large, max-video-preview:-1\" \/>\n<link rel=\"canonical\" href=\"https:\/\/www.elmiradordelhayedo.com\/inicio\/como-llegar\/\" \/>\n<meta property=\"og:locale\" content=\"es_ES\" \/>\n<meta property=\"og:type\" content=\"article\" \/>\n<meta property=\"og:title\" content=\"C\u00f3mo Llegar - El Mirador del Hayedo - Casa Rural\" \/>\n<meta property=\"og:description\" content=\"\u00bfC\u00f3mo llegar? Nuestra direcci\u00f3n: C\/ Cuatro Calles, 10, Riofrio de Riaza (Segovia) A Riofr\u00edo de Riaza se accede desde la N-1 \u00f3 desde la N-110, cogiendo en \u00faltimo lugar la SG-112 Desde Madrid, por la N-1, salida 103, donde cogemos la N-110 direcci\u00f3n Soria, en Riaza nos desviamos por la SG-112 hasta Riofr\u00edo de Riaza. [&hellip;]\" \/>\n<meta property=\"og:url\" content=\"https:\/\/www.elmiradordelhayedo.com\/inicio\/como-llegar\/\" \/>\n<meta property=\"og:site_name\" content=\"El Mirador del Hayedo - Casa Rural\" \/>\n<meta property=\"article:modified_time\" content=\"2024-05-15T19:22:56+00:00\" \/>\n<meta property=\"og:image\" content=\"https:\/\/www.elmiradordelhayedo.com\/inicio\/wp-content\/uploads\/2023\/02\/casa_rural_el_mirador_del_hayedo_83.jpg\" \/>\n\t<meta property=\"og:image:width\" content=\"1920\" \/>\n\t<meta property=\"og:image:height\" content=\"1279\" \/>\n\t<meta property=\"og:image:type\" content=\"image\/jpeg\" \/>\n<meta name=\"twitter:card\" content=\"summary_large_image\" \/>\n<meta name=\"twitter:label1\" content=\"Tiempo de lectura\" \/>\n\t<meta name=\"twitter:data1\" content=\"3 minutos\" \/>\n<script type=\"application\/ld+json\" class=\"yoast-schema-graph\">{\"@context\":\"https:\/\/schema.org\",\"@graph\":[{\"@type\":\"WebPage\",\"@id\":\"https:\/\/www.elmiradordelhayedo.com\/inicio\/como-llegar\/\",\"url\":\"https:\/\/www.elmiradordelhayedo.com\/inicio\/como-llegar\/\",\"name\":\"C\u00f3mo Llegar - El Mirador del Hayedo - Casa Rural\",\"isPartOf\":{\"@id\":\"https:\/\/www.elmiradordelhayedo.com\/inicio\/#website\"},\"datePublished\":\"2024-05-15T16:24:51+00:00\",\"dateModified\":\"2024-05-15T19:22:56+00:00\",\"breadcrumb\":{\"@id\":\"https:\/\/www.elmiradordelhayedo.com\/inicio\/como-llegar\/#breadcrumb\"},\"inLanguage\":\"es\",\"potentialAction\":[{\"@type\":\"ReadAction\",\"target\":[\"https:\/\/www.elmiradordelhayedo.com\/inicio\/como-llegar\/\"]}]},{\"@type\":\"BreadcrumbList\",\"@id\":\"https:\/\/www.elmiradordelhayedo.com\/inicio\/como-llegar\/#breadcrumb\",\"itemListElement\":[{\"@type\":\"ListItem\",\"position\":1,\"name\":\"Portada\",\"item\":\"https:\/\/www.elmiradordelhayedo.com\/inicio\/\"},{\"@type\":\"ListItem\",\"position\":2,\"name\":\"C\u00f3mo Llegar\"}]},{\"@type\":\"WebSite\",\"@id\":\"https:\/\/www.elmiradordelhayedo.com\/inicio\/#website\",\"url\":\"https:\/\/www.elmiradordelhayedo.com\/inicio\/\",\"name\":\"El Mirador del Hayedo\",\"description\":\"Casa Rural para familias y grupos de amigos en Riofr\u00edo de Riaza, cerca de la Pinilla y La Pedrosa - 699 181 170\",\"publisher\":{\"@id\":\"https:\/\/www.elmiradordelhayedo.com\/inicio\/#organization\"},\"alternateName\":\"Casa rural Riaza\",\"potentialAction\":[{\"@type\":\"SearchAction\",\"target\":{\"@type\":\"EntryPoint\",\"urlTemplate\":\"https:\/\/www.elmiradordelhayedo.com\/inicio\/?s={search_term_string}\"},\"query-input\":\"required name=search_term_string\"}],\"inLanguage\":\"es\"},{\"@type\":\"Organization\",\"@id\":\"https:\/\/www.elmiradordelhayedo.com\/inicio\/#organization\",\"name\":\"El Mirador del Hayedo\",\"url\":\"https:\/\/www.elmiradordelhayedo.com\/inicio\/\",\"logo\":{\"@type\":\"ImageObject\",\"inLanguage\":\"es\",\"@id\":\"https:\/\/www.elmiradordelhayedo.com\/inicio\/#\/schema\/logo\/image\/\",\"url\":\"https:\/\/www.elmiradordelhayedo.com\/inicio\/wp-content\/uploads\/2022\/05\/logo_elmiradordelhayedo_alojamiento_rural_telefono.png\",\"contentUrl\":\"https:\/\/www.elmiradordelhayedo.com\/inicio\/wp-content\/uploads\/2022\/05\/logo_elmiradordelhayedo_alojamiento_rural_telefono.png\",\"width\":726,\"height\":146,\"caption\":\"El Mirador del Hayedo\"},\"image\":{\"@id\":\"https:\/\/www.elmiradordelhayedo.com\/inicio\/#\/schema\/logo\/image\/\"},\"sameAs\":[\"https:\/\/www.instagram.com\/elmiradordelhayedo\/\"]}]}<\/script>\n<!-- \/ Yoast SEO plugin. -->","yoast_head_json":{"title":"C\u00f3mo Llegar - El Mirador del Hayedo - Casa Rural","robots":{"index":"index","follow":"follow","max-snippet":"max-snippet:-1","max-image-preview":"max-image-preview:large","max-video-preview":"max-video-preview:-1"},"canonical":"https:\/\/www.elmiradordelhayedo.com\/inicio\/como-llegar\/","og_locale":"es_ES","og_type":"article","og_title":"C\u00f3mo Llegar - El Mirador del Hayedo - Casa Rural","og_description":"\u00bfC\u00f3mo llegar? Nuestra direcci\u00f3n: C\/ Cuatro Calles, 10, Riofrio de Riaza (Segovia) A Riofr\u00edo de Riaza se accede desde la N-1 \u00f3 desde la N-110, cogiendo en \u00faltimo lugar la SG-112 Desde Madrid, por la N-1, salida 103, donde cogemos la N-110 direcci\u00f3n Soria, en Riaza nos desviamos por la SG-112 hasta Riofr\u00edo de Riaza. [&hellip;]","og_url":"https:\/\/www.elmiradordelhayedo.com\/inicio\/como-llegar\/","og_site_name":"El Mirador del Hayedo - Casa Rural","article_modified_time":"2024-05-15T19:22:56+00:00","og_image":[{"width":1920,"height":1279,"url":"https:\/\/www.elmiradordelhayedo.com\/inicio\/wp-content\/uploads\/2023\/02\/casa_rural_el_mirador_del_hayedo_83.jpg","type":"image\/jpeg"}],"twitter_card":"summary_large_image","twitter_misc":{"Tiempo de lectura":"3 minutos"},"schema":{"@context":"https:\/\/schema.org","@graph":[{"@type":"WebPage","@id":"https:\/\/www.elmiradordelhayedo.com\/inicio\/como-llegar\/","url":"https:\/\/www.elmiradordelhayedo.com\/inicio\/como-llegar\/","name":"C\u00f3mo Llegar - El Mirador del Hayedo - Casa Rural","isPartOf":{"@id":"https:\/\/www.elmiradordelhayedo.com\/inicio\/#website"},"datePublished":"2024-05-15T16:24:51+00:00","dateModified":"2024-05-15T19:22:56+00:00","breadcrumb":{"@id":"https:\/\/www.elmiradordelhayedo.com\/inicio\/como-llegar\/#breadcrumb"},"inLanguage":"es","potentialAction":[{"@type":"ReadAction","target":["https:\/\/www.elmiradordelhayedo.com\/inicio\/como-llegar\/"]}]},{"@type":"BreadcrumbList","@id":"https:\/\/www.elmiradordelhayedo.com\/inicio\/como-llegar\/#breadcrumb","itemListElement":[{"@type":"ListItem","position":1,"name":"Portada","item":"https:\/\/www.elmiradordelhayedo.com\/inicio\/"},{"@type":"ListItem","position":2,"name":"C\u00f3mo Llegar"}]},{"@type":"WebSite","@id":"https:\/\/www.elmiradordelhayedo.com\/inicio\/#website","url":"https:\/\/www.elmiradordelhayedo.com\/inicio\/","name":"El Mirador del Hayedo","description":"Casa Rural para familias y grupos de amigos en Riofr\u00edo de Riaza, cerca de la Pinilla y La Pedrosa - 699 181 170","publisher":{"@id":"https:\/\/www.elmiradordelhayedo.com\/inicio\/#organization"},"alternateName":"Casa rural Riaza","potentialAction":[{"@type":"SearchAction","target":{"@type":"EntryPoint","urlTemplate":"https:\/\/www.elmiradordelhayedo.com\/inicio\/?s={search_term_string}"},"query-input":"required name=search_term_string"}],"inLanguage":"es"},{"@type":"Organization","@id":"https:\/\/www.elmiradordelhayedo.com\/inicio\/#organization","name":"El Mirador del Hayedo","url":"https:\/\/www.elmiradordelhayedo.com\/inicio\/","logo":{"@type":"ImageObject","inLanguage":"es","@id":"https:\/\/www.elmiradordelhayedo.com\/inicio\/#\/schema\/logo\/image\/","url":"https:\/\/www.elmiradordelhayedo.com\/inicio\/wp-content\/uploads\/2022\/05\/logo_elmiradordelhayedo_alojamiento_rural_telefono.png","contentUrl":"https:\/\/www.elmiradordelhayedo.com\/inicio\/wp-content\/uploads\/2022\/05\/logo_elmiradordelhayedo_alojamiento_rural_telefono.png","width":726,"height":146,"caption":"El Mirador del Hayedo"},"image":{"@id":"https:\/\/www.elmiradordelhayedo.com\/inicio\/#\/schema\/logo\/image\/"},"sameAs":["https:\/\/www.instagram.com\/elmiradordelhayedo\/"]}]}},"_links":{"self":[{"href":"https:\/\/www.elmiradordelhayedo.com\/inicio\/wp-json\/wp\/v2\/pages\/175","targetHints":{"allow":["GET"]}}],"collection":[{"href":"https:\/\/www.elmiradordelhayedo.com\/inicio\/wp-json\/wp\/v2\/pages"}],"about":[{"href":"https:\/\/www.elmiradordelhayedo.com\/inicio\/wp-json\/wp\/v2\/types\/page"}],"author":[{"embeddable":true,"href":"https:\/\/www.elmiradordelhayedo.com\/inicio\/wp-json\/wp\/v2\/users\/1"}],"replies":[{"embeddable":true,"href":"https:\/\/www.elmiradordelhayedo.com\/inicio\/wp-json\/wp\/v2\/comments?post=175"}],"version-history":[{"count":13,"href":"https:\/\/www.elmiradordelhayedo.com\/inicio\/wp-json\/wp\/v2\/pages\/175\/revisions"}],"predecessor-version":[{"id":2128,"href":"https:\/\/www.elmiradordelhayedo.com\/inicio\/wp-json\/wp\/v2\/pages\/175\/revisions\/2128"}],"wp:attachment":[{"href":"https:\/\/www.elmiradordelhayedo.com\/inicio\/wp-json\/wp\/v2\/media?parent=175"}],"curies":[{"name":"wp","href":"https:\/\/api.w.org\/{rel}","templated":true}]}}